m(v) = -2*v + 1. Let i(t) = q*u(t) + m(t). Give i(1).
-5
Let o(x) be the first derivative of 312 - 2*x + 3*x**2 + 7/3*x**3 + 1/4*x**4. What is o(-6)?
-2
Let r(h) = -13*h**3 + h. Suppose -9 = -6*l + 63. Let i = -111 - -113. Suppose i*z = -l + 10. Determine r(z).
12
Let a(k) = k**3 - 5*k**2 - k - 1. Suppose 2*t = 4*h - 20 + 10, -4 = -h - t. Suppose -h*g + 229 - 214 = 0. Calculate a(g).
-6
Suppose 5*u = -147 + 127. Let j(v) = 4*v**2 - 3*v - 2. Let k(x) = -5*x**2 + 2*x + 3. Let i(o) = -6*j(o) - 5*k(o). Determine i(u).
-19
Let t(b) = 15*b**2 + 6*b - 3. Let f(q) = 3*q**2 + 5*q - 3. Let y(d) = -7*f(d) + 6*t(d). Determine y(-1).
71
Suppose 17*a - 212 - 734 = 6. Let l(n) = 8*n - 456. Give l(a).
-8
Let o(d) be the second derivative of -d**4/12 - 2*d**3/3 + 4*d**2 - 17*d. Let c be ((-576)/60 + 12)/((-2)/5). Give o(c).
-4
Let o(s) = 300*s - 4201. Let y be o(14). Let x(k) be the third derivative of -k**5/30 - k**4/24 - 4*k**2. Determine x(y).
-1
Let w(k) = 4*k - 3. Let r be w(3). Let o(g) = 7*g**2 + 14*g + 16. Let s(q) = 30*q**2 + 57*q + 68. Let f(p) = -17*o(p) + 4*s(p). What is f(r)?
-9
Suppose 36*n + 42 = 39*n. Suppose 3*o - 5*f + 15 - 4 = 0, 2*o + n = 5*f. Let k(q) = o*q**2 + 0*q**2 - 2*q + q - 11*q**2. Calculate k(1).
-9
Let b be (0 - 2/4)*16. Let w(y) = 70371*y - 140744*y + 6 + 70376*y. Calculate w(b).
-18
Let s(d) be the first derivative of d**3/3 + 8*d**2 + 10*d - 1236. Give s(-15).
-5
Suppose 0 = -3*k + 3, 11*s + k = 15*s - 4783. Let z(w) = 9*w**2 + 1198*w + 13 + 9 + w**3 - s*w - 5. What is z(-9)?
-1
Let f(n) be the first derivative of -7*n**4/4 + 2*n**3/3 - 3*n**2/2 - 4*n + 2580. What is f(-1)?
8
Suppose -7*x = -12 + 5. Suppose -x = 5*z + 4. Let q(n) = -22*n - 1. Calculate q(z).
21
Let y(j) = 14*j + 94. Suppose -381*l - 9 = m - 379*l, -3*m - 3*l - 24 = 0. What is y(m)?
-4
Let a(g) = 7*g**3 - 3*g**2 - 3*g - 1. Let z(w) = w**2 + 49*w + 78. Let l be z(-38). Let t = l + 339. Give a(t).
-8
Suppose -18*f - 137 - 35 = -28. Let l(c) = -c**3 - 10*c**2 - 20*c - 21. Determine l(f).
11
Let p(l) be the third derivative of -23*l**4/24 + 2*l**3 - 2*l**2 - 1576*l. Determine p(-1).
35
Suppose -9*k + 5 = -2*v - 4*k, 0 = -5*v - 5*k + 40. Suppose -3*r + 24 - 137 = v*f, -2*f + 4*r = 40. Let a = 24 + f. Let u(w) = 3*w - 1. Calculate u(a).
5
Let s(f) = -f**3 + 13*f**2 - 28*f - 26. Let m = 29598 + -29588. Give s(m).
-6
Let u(q) = q**2 + 15*q - 9. Let b be -5 + -4 + -6 + 757 + -6. Let m = b + -750. What is u(m)?
-23
Let p(c) = -968*c - 6 - 871*c - c**3 + 1856*c + 4*c**2. Calculate p(7).
-34
Let h be (177/1416)/((-2)/(-32)). Let u(l) = 0 - 4*l + 0. Give u(h).
-8
Let i(r) = -44*r**3 + 18*r**2 + 43*r - 7. Let h(v) = -21*v**3 + 9*v**2 + 20*v - 3. Let q(p) = 21*h(p) - 10*i(p). What is q(7)?
35
Let q(f) be the third derivative of -5*f**4/6 - f**3/6 - 11*f**2 + 2*f. Suppose n = 35*n - 34. Calculate q(n).
-21
Let a(s) = 37*s**2 + 121*s - 176. Let n(w) = -5*w**2 - 16*w + 25. Let v(f) = 2*a(f) + 15*n(f). Give v(6).
-1
Let x(v) = 2 + 3*v - 5 - 3. Suppose -79 = 4*b + u - 0*u, 76 = -4*b - 4*u. Let o(k) = -2*k**3 - 40*k**2 - k - 16. Let j be o(b). Give x(j).
6
Let n(h) be the second derivative of -1/3*h**3 + 0 + 1/2*h**2 - 5/6*h**4 + 89*h. Suppose 0 = -3*w + 4*i - 3 - 10, 2*w + 6 = 2*i. Give n(w).
-11
Let n(g) = 3*g**2 + 86*g - 41. Let o be -8 - ((-24)/42 + (-1057)/(-196)*4). Calculate n(o).
-12
Let r(s) = s**3 - 11*s**2 - 12*s + 13. Let q(c) = 5*c + 89. Let v be q(-15). Suppose -3*f = 3*d - 42, 3*f - 2*d - 46 + v = 0. Give r(f).
13
Let z(j) = 7*j + 78. Let f be z(0). Suppose -5*c = -93 + f. Let s(w) = -w - 2. Calculate s(c).
-5
Suppose 5*p - 3*f - 34 = 0, -1 = -2*p + f + 13. Suppose -q + p = 3*q. Let t(r) = 9 - 7 + 3*r**2 - r**q - 3*r**2. What is t(0)?
2
Let q(x) be the first derivative of -x**4/4 - 4*x**3 - 11*x**2/2 - 3*x + 3. Suppose -269*j - 88 = -270*j. Let i be (-1)/4 + (-946)/j. Calculate q(i).
-3
Let x(k) = -k**2 + 0*k**2 - 5*k**2 + 2*k**2 - 10*k - 171 + k**3 + 164. Calculate x(6).
5
Let f(g) = 11*g**2 + g - 4. Let z(v) = 29*v**2 + 3*v - 13. Let s(r) = -8*f(r) + 3*z(r). What is s(4)?
-19
Let s = 18 - 16. Let i(d) = -3*d + 12. Determine i(s).
6
Let x = 11 + -16. Let n(z) be the third derivative of z**6/120 + z**5/10 + z**4/12 - 2*z**3/3 + 3*z**2 + 43881. Give n(x).
11
Let b(x) = -x**3 - 34*x**2 + 154*x + 73. Let d be b(-38). Let g(u) = 2*u**3 + 8*u**2 + 2*u - 1. Calculate g(d).
11
Let v = -551 - -550. Let l(s) be the second derivative of -s**5/20 - s**4/12 + 7*s. Give l(v).
0
Suppose -48 = -l - l. Let s = l - 28. Let i(q) = q**2 + 6*q + 5. What is i(s)?
-3
Let f(h) = h**2 - 4. Let k be f(0). Let l(w) be the first derivative of 9 + 1/4*w**4 + w**3 - 5/2*w**2 - 3*w. What is l(k)?
1
Let y(x) = x**3 - 6*x**2 - 8*x + 7. Let m(o) = o**3 + 3*o**2 + 5*o + 3. Let b(f) = -f + 4. Let z be b(6). Let r be m(z). Let c be -1 - -3 - (-8 - r). Give y(c).
0
Let i(j) = 21*j**2 + 10*j + 19. Let h(n) = 4*n**2 + n + 3. Let s(x) = -5*h(x) + i(x). Suppose q - 6*q = 15. What is s(q)?
-2
Let p(v) = -v**3 + 8*v**2 - 10*v - 2. Let x(i) = -i**2 - i - 1. Let j(o) = 2*o**3 + 5*o**2 + 4*o + 5. Let s be j(-2). Let r(a) = s*x(a) - p(a). What is r(8)?
9
Let l(q) = -8*q + 43. Let u = 18807 + -18807. Calculate l(u).
43
Let d(o) = -341*o + 1. Let b(i) = 625*i - 2. Let m(h) = 6*b(h) + 11*d(h). Suppose -a = -0*a + 35. Let k be 33/7 - 10/a. Give m(k).
-6
Suppose 0 = o - 8*o - 7. Let y be (-1 - -4) + 0 + o. Let b(a) = -2*a**y + 7*a + 2 + 6*a + 3*a**2 - 5*a. Determine b(-4).
-14
Let r = -398 - -293. Let s be 10/r*7 + (-17)/(-3). Let d(y) = -y**2 - 6. Determine d(s).
-31
Let w(a) = -a**3 + 6*a**2 - 3*a - 6. Suppose -o - 3*n = -25, 3*n - 25 = -2*o + 4. Determine w(o).
14
Let g(l) be the third derivative of 1/12*l**4 + 1/60*l**5 + 0*l - 31*l**2 + 1/3*l**3 + 0. Determine g(-3).
5
Let b(t) = -4*t + 18 + 0*t + 22. Let w(a) = 4*a**2 + 577*a - 67838. Let j be w(-221). Determine b(j).
4
Let f(c) = c**2 + 145*c - 906. Let s be f(6). Let h(g) be the first derivative of -5/2*g**2 - 33 + s*g. What is h(-4)?
20
Let g(x) be the first derivative of x**5/20 - 3*x**4/4 + 2*x**3 - 5*x**2 + 16*x - 44. Let j(w) be the first derivative of g(w). Calculate j(8).
22
Let g(b) = -53 - 346*b + 1050*b - 349*b - 352*b. Calculate g(19).
4
Let u(v) = -3*v**2 - v. Suppose 0 = r - 85 - 176. Let h = r + -260. What is u(h)?
-4
Suppose -3*t + 4*k + 38 = 0, 2397*k + 9 = 4*t + 2400*k. Let v(d) = -30*d + 174. Calculate v(t).
-6
Let f(k) = -15*k - 181. Let j = -11903 + 11891. Determine f(j).
-1
Let a = 3837 - 7673/2. Let j(h) be the second derivative of -a*h**3 + 25*h - 1/2*h**2 - 1/12*h**4 + 0. What is j(-6)?
-19
Let s(j) be the first derivative of -j**4/4 - 20*j**3/3 - 11*j**2 - 49*j - 6884. Determine s(-19).
8
Let h(m) = -m**2 + 8*m - 4. Let a = 30 + -24. Let v(c) = c**3 - 6*c**2 + c + 1. Let t be v(a). Suppose f + t = 2*f + i, 3*i = -f + 9. Give h(f).
8
Let o(y) = 12 - 2 + 19*y - 14*y. Let r(v) = -2*v - 5. Let t(i) = 3*o(i) + 7*r(i). Determine t(6).
1
Let w = 11398 + -11416. Let r(j) = -2*j - 7. Determine r(w).
29
Suppose 2*s = 3*v + 19, 3*v + 38 = 3*s + 14. Let r(w) = -7 + 7 + 8 + s*w. Let j(y) = 12*y + 16. Let k(q) = 3*j(q) - 7*r(q). Give k(-6).
-14
Let f be 18/3*((-7)/(147/(-28)))/2. Let g(j) = j**3 - 4*j**2 - j - 2. What is g(f)?
-6
Suppose 2*v - 6 = 2*i, -5*i - 3*v - 10 + 3 = 0. Let r(k) = 6*k**2 + 6*k + 3. Calculate r(i).
15
Let q(a) = a + 12. Let g(z) = -3*z - 46. Suppose -3 = 8*n - 19. Suppose -4*l - 3*y = 39, -l + 3*y - 27 = -n*y. Let m be g(l). Calculate q(m).
2
Let l(z) be the third derivative of -z**5/60 + 3*z**4/8 - z**3 - 91*z**2. Let r be l(8). Let o(s) = 5*s - 12. Give o(r).
-2
Let s(m) = -9*m**3 + 2 + 7*m + 20 + 10*m**3 - 17*m**2 + 10*m**2. What is s(5)?
7
Let p(a) = -2*a**2 - 3*a + 1. Let n(h) = -23*h**2 - 85*h - 1. Let z(q) = n(q) - 10*p(q). What is z(-18)?
7
Let k(m) = -10*m**3 + 219*m**2 + 18*m + 89. Let y be k(22). Let s(z) = 121*z**3 - z**2 - z. Calculate s(y).
119
Let p be ((-1564)/(-119))/(2/7). Let z(s) = -s**2 + p*s - 55*s + 15*s - 2. What is z(3)?
7
Let o(z) = 3*z**2 - 2*z. Let f(l) = 3*l**2 - 2*l. Let r(v) = -3*f(v) + 4*o(v). Let w = -7962 - -7964. Give r(w).
8
Suppose 29 + 37 = -6*t. Let d = t + 7. Let h(j) = 5*j. Let c(l) = -4*l. Let v(f) = 6*c(f) + 4*h(f). Calculate v(d).
16
Let r(z) = -3*z**3 - 89*z**2 + 121*z - 101. L